{"id":63,"date":"2021-08-21T16:57:15","date_gmt":"2021-08-21T15:57:15","guid":{"rendered":"https:\/\/templatekit.infinity-media.ch\/datenschutzerklaerung-eu\/"},"modified":"2022-05-04T17:57:18","modified_gmt":"2022-05-04T16:57:18","slug":"datenschutzerklaerung-eu","status":"publish","type":"page","link":"https:\/\/fairsicherung.ch\/fr\/datenschutzerklaerung-eu\/","title":{"rendered":"Protection des donn\u00e9es"},"content":{"rendered":"<p>[cmplz-document type=&#187;privacy-statement&#187; region=&#187;eu&#187;]<\/p>\n","protected":false},"excerpt":{"rendered":"<p>[cmplz-document type=&#187;privacy-statement&#187; region=&#187;eu&#187;]<\/p>\n","protected":false},"author":4,"featured_media":0,"parent":0,"menu_order":0,"comment_status":"closed","ping_status":"closed","template":"","meta":{"footnotes":""},"class_list":["post-63","page","type-page","status-publish","hentry"],"yoast_head":"<!-- This site is optimized with the Yoast SEO plugin v27.5 - https:\/\/yoast.com\/product\/yoast-seo-wordpress\/ -->\n<title>Datenschutzerkl\u00e4rung - fairsicherung<\/title>\n<meta name=\"robots\" content=\"index, follow, max-snippet:-1, max-image-preview:large, max-video-preview:-1\" \/>\n<link rel=\"canonical\" href=\"https:\/\/fairsicherung.ch\/fr\/datenschutzerklaerung-eu\/\" \/>\n<meta property=\"og:locale\" content=\"fr_FR\" \/>\n<meta property=\"og:type\" content=\"article\" \/>\n<meta property=\"og:title\" content=\"Datenschutzerkl\u00e4rung - fairsicherung\" \/>\n<meta property=\"og:description\" content=\"[cmplz-document type=&#187;privacy-statement&#187; region=&#187;eu&#187;]\" \/>\n<meta property=\"og:url\" content=\"https:\/\/fairsicherung.ch\/fr\/datenschutzerklaerung-eu\/\" \/>\n<meta property=\"og:site_name\" content=\"fairsicherung\" \/>\n<meta property=\"article:modified_time\" content=\"2022-05-04T16:57:18+00:00\" \/>\n<meta name=\"twitter:card\" content=\"summary_large_image\" \/>\n<script type=\"application\/ld+json\" class=\"yoast-schema-graph\">{\"@context\":\"https:\\\/\\\/schema.org\",\"@graph\":[{\"@type\":\"WebPage\",\"@id\":\"https:\\\/\\\/fairsicherung.ch\\\/datenschutzerklaerung-eu\\\/\",\"url\":\"https:\\\/\\\/fairsicherung.ch\\\/datenschutzerklaerung-eu\\\/\",\"name\":\"Datenschutzerkl\u00e4rung - fairsicherung\",\"isPartOf\":{\"@id\":\"https:\\\/\\\/fairsicherung.ch\\\/#website\"},\"datePublished\":\"2021-08-21T15:57:15+00:00\",\"dateModified\":\"2022-05-04T16:57:18+00:00\",\"breadcrumb\":{\"@id\":\"https:\\\/\\\/fairsicherung.ch\\\/datenschutzerklaerung-eu\\\/#breadcrumb\"},\"inLanguage\":\"fr-FR\",\"potentialAction\":[{\"@type\":\"ReadAction\",\"target\":[\"https:\\\/\\\/fairsicherung.ch\\\/datenschutzerklaerung-eu\\\/\"]}]},{\"@type\":\"BreadcrumbList\",\"@id\":\"https:\\\/\\\/fairsicherung.ch\\\/datenschutzerklaerung-eu\\\/#breadcrumb\",\"itemListElement\":[{\"@type\":\"ListItem\",\"position\":1,\"name\":\"Startseite\",\"item\":\"https:\\\/\\\/fairsicherung.ch\\\/\"},{\"@type\":\"ListItem\",\"position\":2,\"name\":\"Datenschutzerkl\u00e4rung\"}]},{\"@type\":\"WebSite\",\"@id\":\"https:\\\/\\\/fairsicherung.ch\\\/#website\",\"url\":\"https:\\\/\\\/fairsicherung.ch\\\/\",\"name\":\"fairsicherung\",\"description\":\"Seit \u00fcber 30 Jahren beraten wir KMU-Betriebe sowie Vereine und Verb\u00e4nde, NGOs, Selbstst\u00e4ndige und Privatpersonen.\",\"potentialAction\":[{\"@type\":\"SearchAction\",\"target\":{\"@type\":\"EntryPoint\",\"urlTemplate\":\"https:\\\/\\\/fairsicherung.ch\\\/?s={search_term_string}\"},\"query-input\":{\"@type\":\"PropertyValueSpecification\",\"valueRequired\":true,\"valueName\":\"search_term_string\"}}],\"inLanguage\":\"fr-FR\"}]}<\/script>\n<!-- \/ Yoast SEO plugin. -->","yoast_head_json":{"title":"Datenschutzerkl\u00e4rung - fairsicherung","robots":{"index":"index","follow":"follow","max-snippet":"max-snippet:-1","max-image-preview":"max-image-preview:large","max-video-preview":"max-video-preview:-1"},"canonical":"https:\/\/fairsicherung.ch\/fr\/datenschutzerklaerung-eu\/","og_locale":"fr_FR","og_type":"article","og_title":"Datenschutzerkl\u00e4rung - fairsicherung","og_description":"[cmplz-document type=&#187;privacy-statement&#187; region=&#187;eu&#187;]","og_url":"https:\/\/fairsicherung.ch\/fr\/datenschutzerklaerung-eu\/","og_site_name":"fairsicherung","article_modified_time":"2022-05-04T16:57:18+00:00","twitter_card":"summary_large_image","schema":{"@context":"https:\/\/schema.org","@graph":[{"@type":"WebPage","@id":"https:\/\/fairsicherung.ch\/datenschutzerklaerung-eu\/","url":"https:\/\/fairsicherung.ch\/datenschutzerklaerung-eu\/","name":"Datenschutzerkl\u00e4rung - fairsicherung","isPartOf":{"@id":"https:\/\/fairsicherung.ch\/#website"},"datePublished":"2021-08-21T15:57:15+00:00","dateModified":"2022-05-04T16:57:18+00:00","breadcrumb":{"@id":"https:\/\/fairsicherung.ch\/datenschutzerklaerung-eu\/#breadcrumb"},"inLanguage":"fr-FR","potentialAction":[{"@type":"ReadAction","target":["https:\/\/fairsicherung.ch\/datenschutzerklaerung-eu\/"]}]},{"@type":"BreadcrumbList","@id":"https:\/\/fairsicherung.ch\/datenschutzerklaerung-eu\/#breadcrumb","itemListElement":[{"@type":"ListItem","position":1,"name":"Startseite","item":"https:\/\/fairsicherung.ch\/"},{"@type":"ListItem","position":2,"name":"Datenschutzerkl\u00e4rung"}]},{"@type":"WebSite","@id":"https:\/\/fairsicherung.ch\/#website","url":"https:\/\/fairsicherung.ch\/","name":"fairsicherung","description":"Seit \u00fcber 30 Jahren beraten wir KMU-Betriebe sowie Vereine und Verb\u00e4nde, NGOs, Selbstst\u00e4ndige und Privatpersonen.","potentialAction":[{"@type":"SearchAction","target":{"@type":"EntryPoint","urlTemplate":"https:\/\/fairsicherung.ch\/?s={search_term_string}"},"query-input":{"@type":"PropertyValueSpecification","valueRequired":true,"valueName":"search_term_string"}}],"inLanguage":"fr-FR"}]}},"_links":{"self":[{"href":"https:\/\/fairsicherung.ch\/fr\/wp-json\/wp\/v2\/pages\/63","targetHints":{"allow":["GET"]}}],"collection":[{"href":"https:\/\/fairsicherung.ch\/fr\/wp-json\/wp\/v2\/pages"}],"about":[{"href":"https:\/\/fairsicherung.ch\/fr\/wp-json\/wp\/v2\/types\/page"}],"author":[{"embeddable":true,"href":"https:\/\/fairsicherung.ch\/fr\/wp-json\/wp\/v2\/users\/4"}],"replies":[{"embeddable":true,"href":"https:\/\/fairsicherung.ch\/fr\/wp-json\/wp\/v2\/comments?post=63"}],"version-history":[{"count":1,"href":"https:\/\/fairsicherung.ch\/fr\/wp-json\/wp\/v2\/pages\/63\/revisions"}],"predecessor-version":[{"id":67,"href":"https:\/\/fairsicherung.ch\/fr\/wp-json\/wp\/v2\/pages\/63\/revisions\/67"}],"wp:attachment":[{"href":"https:\/\/fairsicherung.ch\/fr\/wp-json\/wp\/v2\/media?parent=63"}],"curies":[{"name":"wp","href":"https:\/\/api.w.org\/{rel}","templated":true}]}}

Protection des données

<!-- This site is optimized with the Yoast SEO plugin v27.5 - https://yoast.com/product/yoast-seo-wordpress/ -->
<title>Datenschutzerklärung - fairsicherung</title>
<meta name="robots" content="index, follow, max-snippet:-1, max-image-preview:large, max-video-preview:-1" />
<link rel="canonical" href="https://fairsicherung.ch/fr/datenschutzerklaerung-eu/" />
<meta property="og:locale" content="fr_FR" />
<meta property="og:type" content="article" />
<meta property="og:title" content="Datenschutzerklärung - fairsicherung" />
<meta property="og:description" content="[cmplz-document type=&#187;privacy-statement&#187; region=&#187;eu&#187;]" />
<meta property="og:url" content="https://fairsicherung.ch/fr/datenschutzerklaerung-eu/" />
<meta property="og:site_name" content="fairsicherung" />
<meta property="article:modified_time" content="2022-05-04T16:57:18+00:00" />
<meta name="twitter:card" content="summary_large_image" />
<script type="application/ld+json" class="yoast-schema-graph">{"@context":"https:\/\/schema.org","@graph":[{"@type":"WebPage","@id":"https:\/\/fairsicherung.ch\/datenschutzerklaerung-eu\/","url":"https:\/\/fairsicherung.ch\/datenschutzerklaerung-eu\/","name":"Datenschutzerklärung - fairsicherung","isPartOf":{"@id":"https:\/\/fairsicherung.ch\/#website"},"datePublished":"2021-08-21T15:57:15+00:00","dateModified":"2022-05-04T16:57:18+00:00","breadcrumb":{"@id":"https:\/\/fairsicherung.ch\/datenschutzerklaerung-eu\/#breadcrumb"},"inLanguage":"fr-FR","potentialAction":[{"@type":"ReadAction","target":["https:\/\/fairsicherung.ch\/datenschutzerklaerung-eu\/"]}]},{"@type":"BreadcrumbList","@id":"https:\/\/fairsicherung.ch\/datenschutzerklaerung-eu\/#breadcrumb","itemListElement":[{"@type":"ListItem","position":1,"name":"Startseite","item":"https:\/\/fairsicherung.ch\/"},{"@type":"ListItem","position":2,"name":"Datenschutzerklärung"}]},{"@type":"WebSite","@id":"https:\/\/fairsicherung.ch\/#website","url":"https:\/\/fairsicherung.ch\/","name":"fairsicherung","description":"Seit über 30 Jahren beraten wir KMU-Betriebe sowie Vereine und Verbände, NGOs, Selbstständige und Privatpersonen.","potentialAction":[{"@type":"SearchAction","target":{"@type":"EntryPoint","urlTemplate":"https:\/\/fairsicherung.ch\/?s={search_term_string}"},"query-input":{"@type":"PropertyValueSpecification","valueRequired":true,"valueName":"search_term_string"}}],"inLanguage":"fr-FR"}]}</script>
<!-- / Yoast SEO plugin. -->

Datenschutzerklärung - fairsicherung

Datenschutzerklärung

Seit über 30 Jahren beraten wir KMU-Betriebe sowie Vereine und Verbände, NGOs, Selbstständige und Privatpersonen.
